17. Determine h(-2).
21
Let c(t) = -t**2 + 26*t - 54. Calculate c(27).
-81
Let w(y) = 79*y**2 - 394*y - 13. Calculate w(5).
-8
Let w(i) = i**2 + 287*i - 34921. Determine w(92).
-53
Let x(p) = -22*p + 224. What is x(12)?
-40
Let a(u) = 25*u + 87. What is a(-6)?
-63
Let t(o) = -8*o**2 - 124*o - 63. Give t(-15).
-3
Let f(u) = u**3 - 22*u**2 + 68*u - 220. What is f(19)?
-11
Let l(n) = -6*n**2 - 142*n + 24. Calculate l(-25).
-176
Let n(t) = 22*t**2 + 3652*t + 3652. Calculate n(-1).
22
Let h(j) = -j**3 - 35*j**2 - 24*j + 338. Give h(-34).
-2
Let o(r) = 7*r**2 + 91*r - 856. Determine o(10).
754
Let j(y) = -y**3 + 24*y**2 - 128*y + 9. Calculate j(8).
9
Let i(y) = 5*y - 3. Determine i(23).
112
Let p(a) = a**3 - 9*a**2 - 65*a - 6. Calculate p(14).
64
Let m(f) = -2*f**3 + 31*f**2 - 16*f - 59. What is m(14)?
305
Let b(i) = i**3 + 21*i**2 - 24*i - 23. Calculate b(-22).
21
Let p(v) = 9*v**2 + 41*v - 9. Determine p(-5).
11
Let l(n) = -30*n**2 + 22*n - 112. Determine l(4).
-504
Let x(m) = 10*m - 149. What is x(2)?
-129
Let w(f) = -f**3 - 87*f**2 - 89*f - 277. Determine w(-86).
-19
Let m(b) = b**3 - 26*b**2 - 10*b + 1422. What is m(24)?
30
Let m(o) = -13*o + 201. What is m(17)?
-20
Let y(j) = -j**3 + 86*j**2 - 87*j + 188. Calculate y(85).
18
Let o(j) = -119*j - 971. What is o(-8)?
-19
Let f(d) = -d**3 - 15*d**2 + 14*d - 44. Calculate f(-16).
-12
Let t(r) = 690*r - 30352. Calculate t(44).
8
Let z(d) = d**3 + 4*d**2 + 6*d + 18. Determine z(-6).
-90
Let y(o) = -8*o + 344. Calculate y(30).
104
Let g(h) = -h**3 + 27*h**2 - 52*h + 140. Determine g(25).
90
Let c(x) = 8*x**2 + 53*x - 7. Determine c(-11).
378
Let d(p) = 23*p**2 + 1933*p + 82. Calculate d(-84).
-2
Let r(b) = 68*b + 1281. Calculate r(-19).
-11
Let b(a) = a**3 - 37*a**2 - 25*a + 91. Give b(38).
585
Let n(r) = -297*r - 2107. Determine n(-7).
-28
Let m(b) = 110*b - 1343. Determine m(13).
87
Let y(h) = h**2 + 69*h + 811. Give y(-54).
1
Let c(v) = -v**3 + 36*v**2 + 42*v - 198. Calculate c(37).
-13
Let l(s) = -81*s**2 - 412*s - 30. Calculate l(-5).
5
Let g(w) = 5*w - 9. Calculate g(6).
21
Let y(r) = -9*r**2 + 718*r + 171. Calculate y(80).
11
Let i(p) = 3*p**2 - 23*p - 12. What is i(8)?
-4
Let t(f) = 38*f**2 + 878*f + 97. Determine t(-23).
5
Let g(v) = -v**2 - 7*v + 87. Calculate g(7).
-11
Let s(l) = 476*l + 3859. Calculate s(-8).
51
Let j(x) = -376*x - 14280. Determine j(-38).
8
Let b(r) = 28*r + 321. Calculate b(-12).
-15
Let n(c) = c**2 + 9*c + 44. Determine n(-8).
36
Let h(o) = 11*o + 300. Determine h(-21).
69
Let h(x) = 3*x**2 - 119*x - 44. Give h(40).
-4
Let p(g) = -27*g**2 + 522*g - 164. Calculate p(19).
7
Let f(s) = 22*s**2 - 518*s + 45. Determine f(25).
845
Let a(n) = -10*n**3 - 4*n**2 + 74*n - 155. What is a(2)?
-103
Let o(b) = b - 54. Calculate o(14).
-40
Let n(y) = -y**3 + 6*y**2 + 40*y - 57. Determine n(9).
60
Let t(z) = z**2 - 24*z - 237. Determine t(-13).
244
Let v(h) = -441*h - 21. What is v(0)?
-21
Let q(g) = -5*g**2 + 32*g + 461. Determine q(-7).
-8
Let t(k) = -26*k - 17. Calculate t(-4).
87
Let r(q) = -16*q**2 - 288*q - 21. Calculate r(-18).
-21
Let y(t) = -t**3 - 32*t**2 - 136*t + 15. Determine y(-27).
42
Let t(c) = 44*c**2 + 9*c + 33. What is t(-3)?
402
Let f(c) = -1166*c - 79293. Determine f(-68).
-5
Let g(s) = -s**3 + 4*s**2 + 3*s + 29. Give g(5).
19
Let v(l) = l**3 - 25*l**2 + 216*l - 1613. Calculate v(18).
7
Let d(q) = -q**3 + 22*q + 34. What is d(-3)?
-5
Let k(q) = 93*q - 190. What is k(2)?
-4
Let y(a) = 18*a**2 - 1000*a + 563. Calculate y(55).
13
Let m(g) = -20*g**2 - 1537*g + 230. What is m(-77)?
-1
Let v(c) = -140*c + 2188. What is v(17)?
-192
Let n(p) = p**2 - 23*p - 429. What is n(35)?
-9
Let f(b) = 1985*b + 5953. Give f(-3).
-2
Let c(i) = -20*i + 66. Give c(10).
-134
Let g(u) = 2*u**3 - 16*u**2 + 35*u - 18. Calculate g(5).
7
Let o(r) = -4*r**2 + 42*r - 78. What is o(2)?
-10
Let z(u) = -3*u**3 - 154*u - 154. Give z(-1).
3
Let f(u) = u**3 - 33*u**2 - 180*u - 119. Determine f(38).
261
Let z(w) = -6*w - 29. Determine z(8).
-77
Let j(n) = -121*n - 9. Calculate j(-1).
112
Let o(n) = 2*n**2 + 58*n + 653. Give o(-11).
257
Let o(f) = 800*f**2 + 1597*f - 1. Determine o(-2).
5
Let j(z) = -2*z**2 + 71*z + 1387. What is j(-14)?
1
Let n(c) = -c - 9. Calculate n(34).
-43
Let q(m) = 2*m**2 + 2*m - 696. Determine q(-19).
-12
Let z(m) = -407*m + 43116. Give z(106).
-26
Let d(m) = 2*m**3 - 3*m**2 - 7*m + 22. What is d(0)?
22
Let k(u) = u**2 + 31*u. Give k(-26).
-130
Let o(q) = -837*q + 10050. What is o(12)?
6
Let f(i) = 4*i**2 + 109*i + 651. Give f(-9).
-6
Let n(d) = -143*d + 674. Calculate n(5).
-41
Let c(j) = -2*j**3 + 10*j**2 + 11*j - 39. What is c(5)?
16
Let y(t) = t**3 - 256*t**2 + 69*t - 17670. Calculate y(256).
-6
Let x(l) = -l**2 - 94*l + 269. Calculate x(-97).
-22
Let t(l) = -3*l**2 - 6*l - 4. Determine t(-1).
-1
Let c(z) = -z**3 + 17*z**2 - 23*z - 30. Determine c(7).
299
Let f(x) = 4*x**2 - 131*x + 215. Calculate f(31).
-2
Let j(d) = -d**2 - 21*d + 71. What is j(-18)?
125
Let q(a) = a**3 - 29*a**2 - 8*a - 16. Give q(29).
-248
Let y(q) = -q**3 + 22*q**2 - 55*q - 36. Give y(19).
2
Let v(w) = 129*w + 4197. Determine v(-33).
-60
Let s(d) = -2*d**3 - 15*d**2 - 29*d - 10. Determine s(-5).
10
Let k(s) = 35*s + 83. Calculate k(-7).
-162
Let c(b) = -b**3 - 16*b**2 - 47. Calculate c(-16).
-47
Let a(z) = z**3 - 26*z**2 - 266*z + 3407. Give a(31).
-34
Let t(r) = -r**3 + 62*r**2 + 649*r - 691. Calculate t(71).
19
Let v(y) = -4*y**2 + 6*y - 41. Give v(4).
-81
Let t(y) = -499*y - 490. What is t(-1)?
9
Let n(t) = -4*t**2 + 999*t - 32017. Determine n(212).
-5
Let w(k) = -9*k + 225. Calculate w(37).
-108
Let b(x) = -11*x**3 + 5*x**2 - 4*x. Determine b(1).
-10
Let c(t) = -6*t**2 + 98*t + 296. Determine c(19).
-8
Let u(t) = -t**3 + 29*t**2 + 55*t + 65. Calculate u(31).
-152
Let c(x) = 502*x + 74287. Calculate c(-148).
-9
Let x(y) = 48*y - 120. Give x(3).
24
Let s(a) = -2*a**3 - 30*a**2 - 34*a - 83. What is s(-14)?
1
Let y(o) = 510*o - 20900. Give y(41).
10
Let t(s) = -342*s + 2052. Give t(6).
0
Let r(g) = 34*g**2 - 56*g + 57. Give r(1).
35
Let i(h) = h**2 + 154*h + 1004. Calculate i(-7).
-25
Let t(j) = 113*j - 1674. Calculate t(15).
21
Let c(s) = s**3 - 30*s**2 - 97*s - 9. Give c(33).
57
Let v(f) = 3*f**2 + 46*f - 277. Calculate v(-21).
80
Let k(v) = v**3 - 13*v**2 - 65*v + 268. Calculate k(16).
-4
Let y(d) = -44*d**2 - 13*d + 1. Calculate y(1).
-56
Let m(s) = s**2 + 413*s + 1620. What is m(-4)?
-16
Let g(c) = 196*c + 742. Calculate g(-4).
-42
Let x(f) = 14*f**2 - 586*f + 498. What is x(41)?
6
Let o(w) = -48*w**2 + 1131*w + 447. Determine o(24).
-57
Let m(o) = -5*o**2 - o + 62. What is m(5)?
-68
Let m(j) = -j**3 + j**2 + 81*j - 657. Calculate m(-11).
-96
Let z(o) = -3330*o - 3338. What is z(-1)?
-8
Let q(g) = 74*g - 51. Determine q(2).
97
Let j(x) = -4*x**2 + 45*x + 10. Calculate j(10).
60
Let s(j) = j**3 - 4*j - 11. What is s(3)?
4
Let r(t) = -t**3 - 79*t**2 + 154*t - 626. What is r(-81)?
22
Let t(s) = 4*s**2 - 65*s + 266. Determine t(5).
41
Let n(p) = p**3 - 27*p**2 + 16*p + 273. Determine n(26).
13
Let w(y) = 89*y + 491. Give w(-5).
46
Let r(w) = 162*w - 1775. Give r(11).
7
Let d(o) = o**2 + 134*o + 3588. Calculate d(-37).
-1
Let a(w) = 24*w + 368. Give a(-25).
-232
Let d(a) = a**2 + 40*a - 203. Give d(7).
126
Let g(y) = 3*y**2 + 31*y - 12. What is g(-11)?
10
Let i(b) = -b**2 - 36*b - 341. Calculate i(-27).
-98
Let n(d) = -21*d**2 - d + 11. What is n(-3)?
-175
Let m(v) = -2*v**3 + 27*v**2 + 16*v - 33. Determine m(14).
-5
Let j(q) = 2*q**3 + 12*q**2 + 15*q + 40. What is j(-7)?
-163
Let y(c) = 3357*c - 30212. Give y(9).
1
Let f(x) = 4357*x - 52281. What is f(12)?
3
Let y(f) = -1215*f + 1187. What is y(1)?
-28
Let n(o) = 2*o**3 - 38*o**2 + 32*o + 18. Determine n(18).
-54
Let q(b) = -b**3 + 3*b**2 - b - 37. Calculate q(3).
-40
Let b(m) = 115*m - 2779. Give b(24).
-19
Let s(b) = b**2 - 101*b - 1222. What is s(-10)?
-112
Let f(z) = -116*z - 1003. What is f(-9)?
41
Let g(r) = 93*r**3 + 7*r**2 + 7*r. Calculate g(-1).
-93
Let t(j) = j**3 + 3*j**2 - 6*j + 2. Calculate t(-4).
10
Let l(q) = 12*q**2 + 115*q + 145. Determine l(-8).
-7
Let m(n) = n**3 + 50*n**2 + 88*n - 188. What is m(-48)?
196
Let r(m) = -m**3 + 10*m**2 + 90*m + 93. What is r(16)?
-3
Let l(q) = -437*q + 4368. Calculate l(10).
-2
Let i(z) = -z**2 +